{"id":2127,"date":"2025-05-05T20:09:51","date_gmt":"2025-05-05T20:09:51","guid":{"rendered":"https:\/\/www.tv-woringen.de\/?page_id=2127"},"modified":"2026-02-08T15:51:21","modified_gmt":"2026-02-08T15:51:21","slug":"kontakte-2","status":"publish","type":"page","link":"https:\/\/www.tv-woringen.de\/?page_id=2127","title":{"rendered":"Kontakte und \u00dcbungszeiten"},"content":{"rendered":"\n<p id=\"block-39423bf4-ae73-4b4e-89bb-950d98442ddd\"><strong><em><mark>Damengymnastik<\/mark><\/em><\/strong><br><strong>Silvia Tobler<\/strong><br>0160 &#8211; 8344482<br><strong><em>\u00dcbungszeit:<\/em><\/strong><br>Dienstag 20:00-21:00 Uhr<\/p>\n\n\n\n<hr class=\"wp-block-separator has-text-color has-white-color has-alpha-channel-opacity has-white-background-color has-background is-style-dots\" id=\"block-fa90e3e8-0e6f-4de1-aac3-8bc8fd78e9f6\"\/>\n\n\n\n<p id=\"block-354f0e7b-b80b-4d64-8a47-26e470a634e6\"><strong><em><mark>Kinderturnen<\/mark><\/em><\/strong><br><strong>Stephanie Prinz<\/strong><br>0176 \u2013 32545504<br><strong><em>\u00dcbungszeiten:<\/em><\/strong><br><strong>Kinderturnen (4-6 Jahre)<\/strong><br>Mittwoch 14:45-15:45<br><br><strong><em>Neueinstieg f\u00fcr alle\u00a04-6-J\u00e4hrigen\u00a0beim\u00a0Kinderturnen\u00a0ist immer am ersten Mittwoch nach den Faschings- oder den Sommerferien.<\/em><\/strong><\/p>\n\n\n\n<p><strong><mark style=\"background-color:rgba(0, 0, 0, 0)\" class=\"has-inline-color has-vivid-red-color\">!!! ACHTUNG !!!<\/mark><\/strong><br>Beim Kinderturnen gibt es aktuell einen Aufnahmestopp. Es wird eine Warteliste gef\u00fchrt.<\/p>\n\n\n\n<hr class=\"wp-block-separator has-text-color has-white-color has-alpha-channel-opacity has-white-background-color has-background is-style-dots\"\/>\n\n\n\n<p id=\"block-354f0e7b-b80b-4d64-8a47-26e470a634e6\"><br><strong><em><mark>Eltern-Kinderturnen (2-4 Jahre)<\/mark><\/em><\/strong><br>Mittwoch 16:00-17:00<br><\/p>\n\n\n\n<hr class=\"wp-block-separator has-text-color has-white-color has-alpha-channel-opacity has-white-background-color has-background is-style-dots\" id=\"block-9cdd96ba-56eb-4235-bc88-69f217d7e8fc\"\/>\n\n\n\n<p id=\"block-e95e620f-e065-4c0c-ac02-6745f009d4fd\"><mark><strong><em>Jumping Fitness<\/em><\/strong><\/mark><br><strong>Jenny Tobler<\/strong><br>0151 &#8211; 75006438<br>info-gymnastik@tv-woringen.de<br><strong><em>\u00dcbungszeiten:<\/em><\/strong><br>Mittwoch 18:00-18:45<br>Mittwoch 18:45-19:30<\/p>\n\n\n\n<hr class=\"wp-block-separator has-text-color has-white-color has-alpha-channel-opacity has-white-background-color has-background is-style-dots\" id=\"block-1d486604-2709-4451-bf37-0b8c908c8ba1\"\/>\n\n\n\n<p id=\"block-2b5c6583-af54-4fae-a237-ba18c4d8b317\"><strong><em><mark>Yoga<\/mark><\/em><\/strong><br><strong>Jenny Tobler<\/strong><br>0151 &#8211; 75006438<br>info-gymnastik@tv-woringen.de<br><strong><em>\u00dcbungszeit:<\/em><\/strong><br>Mittwoch 19:30-20:30<\/p>\n\n\n\n<hr class=\"wp-block-separator has-text-color has-white-color has-alpha-channel-opacity has-white-background-color has-background is-style-dots\" id=\"block-a0727d6f-e314-4d5b-b02c-52a3b9167a45\"\/>\n\n\n\n<p id=\"block-9bd7cbe2-e32f-4de8-aeea-ecc75fd16452\"><strong><em><mark>Stepp \/ Pilates<\/mark><\/em><\/strong><br>Manuela M\u00fccke<br>0163 &#8211; 8287199<br><strong><em>\u00dcbungszeit:<\/em><\/strong><br>Donnerstag 20:15-21:15<\/p>\n\n\n\n<hr class=\"wp-block-separator has-text-color has-white-color has-alpha-channel-opacity has-white-background-color has-background is-style-dots\" id=\"block-7ce2a2eb-74fd-47bb-924f-901a1f6cfb3e\"\/>\n\n\n\n<p id=\"block-9bd7cbe2-e32f-4de8-aeea-ecc75fd16452\"><strong><em><mark>Power &#8211; Kids (1.-4. Klasse)<\/mark><\/em><\/strong><br>Angie Sch\u00f6llhorn &amp; Monique + Nina Enters<br>0176 &#8211; 41914109<br><strong><em>\u00dcbungszeit:<\/em><\/strong><br>Mittwoch 17:00-18:00<\/p>\n\n\n\n<hr class=\"wp-block-separator has-text-color has-white-color has-alpha-channel-opacity has-white-background-color has-background is-style-dots\" id=\"block-7ce2a2eb-74fd-47bb-924f-901a1f6cfb3e\"\/>\n\n\n\n<p class=\"has-medium-font-size\"><strong>Bei Interesse an unseren Angeboten, bitte immer vorab telefonisch bei den jeweils oben angegebenen Telefonnummern melden<\/strong>!!!<\/p>\n","protected":false},"excerpt":{"rendered":"<p>DamengymnastikSilvia Tobler0160 &#8211; 8344482\u00dcbungszeit:Dienstag 20:00-21:00 Uhr KinderturnenStephanie Prinz0176 \u2013 32545504\u00dcbungszeiten:Kinderturnen (4-6 Jahre)Mittwoch 14:45-15:45 Neueinstieg f\u00fcr alle\u00a04-6-J\u00e4hrigen\u00a0beim\u00a0Kinderturnen\u00a0ist immer am ersten Mittwoch nach den Faschings- oder den Sommerferien. !!! ACHTUNG !!!Beim Kinderturnen gibt es aktuell einen Aufnahmestopp. Es wird eine Warteliste gef\u00fchrt. Eltern-Kinderturnen (2-4 Jahre)Mittwoch 16:00-17:00 Jumping FitnessJenny Tobler0151 &#8211; 75006438info-gymnastik@tv-woringen.de\u00dcbungszeiten:Mittwoch 18:00-18:45Mittwoch 18:45-19:30 YogaJenny Tobler0151 &#8211; 75006438info-gymnastik@tv-woringen.de\u00dcbungszeit:Mittwoch 19:30-20:30 Stepp \/ PilatesManuela M\u00fccke0163 &#8211; 8287199\u00dcbungszeit:Donnerstag 20:15-21:15 Power &#8211; Kids (1.-4. Klasse)Angie Sch\u00f6llhorn &amp; Monique + Nina Enters0176 &#8211; 41914109\u00dcbungszeit:Mittwoch 17:00-18:00 Bei Interesse an&#8230;<\/p>\n<p class=\"read-more\"><a class=\"btn btn-default\" href=\"https:\/\/www.tv-woringen.de\/?page_id=2127\">Weiterlesen<span class=\"screen-reader-text\"> Weiterlesen<\/span><\/a><\/p>\n","protected":false},"author":1,"featured_media":0,"parent":0,"menu_order":0,"comment_status":"closed","ping_status":"closed","template":"","meta":{"footnotes":""},"class_list":["post-2127","page","type-page","status-publish","hentry"],"_links":{"self":[{"href":"https:\/\/www.tv-woringen.de\/index.php?rest_route=\/wp\/v2\/pages\/2127","targetHints":{"allow":["GET"]}}],"collection":[{"href":"https:\/\/www.tv-woringen.de\/index.php?rest_route=\/wp\/v2\/pages"}],"about":[{"href":"https:\/\/www.tv-woringen.de\/index.php?rest_route=\/wp\/v2\/types\/page"}],"author":[{"embeddable":true,"href":"https:\/\/www.tv-woringen.de\/index.php?rest_route=\/wp\/v2\/users\/1"}],"replies":[{"embeddable":true,"href":"https:\/\/www.tv-woringen.de\/index.php?rest_route=%2Fwp%2Fv2%2Fcomments&post=2127"}],"version-history":[{"count":16,"href":"https:\/\/www.tv-woringen.de\/index.php?rest_route=\/wp\/v2\/pages\/2127\/revisions"}],"predecessor-version":[{"id":2810,"href":"https:\/\/www.tv-woringen.de\/index.php?rest_route=\/wp\/v2\/pages\/2127\/revisions\/2810"}],"wp:attachment":[{"href":"https:\/\/www.tv-woringen.de\/index.php?rest_route=%2Fwp%2Fv2%2Fmedia&parent=2127"}],"curies":[{"name":"wp","href":"https:\/\/api.w.org\/{rel}","templated":true}]}}

Kontakte und Übungszeiten

<p id="block-39423bf4-ae73-4b4e-89bb-950d98442ddd"><strong><em><mark>Damengymnastik</mark></em></strong><br><strong>Silvia Tobler</strong><br>0160 &#8211; 8344482<br><strong><em>Übungszeit:</em></strong><br>Dienstag 20:00-21:00 Uhr</p>



<hr class="wp-block-separator has-text-color has-white-color has-alpha-channel-opacity has-white-background-color has-background is-style-dots" id="block-fa90e3e8-0e6f-4de1-aac3-8bc8fd78e9f6"/>



<p id="block-354f0e7b-b80b-4d64-8a47-26e470a634e6"><strong><em><mark>Kinderturnen</mark></em></strong><br><strong>Stephanie Prinz</strong><br>0176 – 32545504<br><strong><em>Übungszeiten:</em></strong><br><strong>Kinderturnen (4-6 Jahre)</strong><br>Mittwoch 14:45-15:45<br><br><strong><em>Neueinstieg für alle 4-6-Jährigen beim Kinderturnen ist immer am ersten Mittwoch nach den Faschings- oder den Sommerferien.</em></strong></p>



<p><strong><mark style="background-color:rgba(0, 0, 0, 0)" class="has-inline-color has-vivid-red-color">!!! ACHTUNG !!!</mark></strong><br>Beim Kinderturnen gibt es aktuell einen Aufnahmestopp. Es wird eine Warteliste geführt.</p>



<hr class="wp-block-separator has-text-color has-white-color has-alpha-channel-opacity has-white-background-color has-background is-style-dots"/>



<p id="block-354f0e7b-b80b-4d64-8a47-26e470a634e6"><br><strong><em><mark>Eltern-Kinderturnen (2-4 Jahre)</mark></em></strong><br>Mittwoch 16:00-17:00<br></p>



<hr class="wp-block-separator has-text-color has-white-color has-alpha-channel-opacity has-white-background-color has-background is-style-dots" id="block-9cdd96ba-56eb-4235-bc88-69f217d7e8fc"/>



<p id="block-e95e620f-e065-4c0c-ac02-6745f009d4fd"><mark><strong><em>Jumping Fitness</em></strong></mark><br><strong>Jenny Tobler</strong><br>0151 &#8211; 75006438<br>info-gymnastik@tv-woringen.de<br><strong><em>Übungszeiten:</em></strong><br>Mittwoch 18:00-18:45<br>Mittwoch 18:45-19:30</p>



<hr class="wp-block-separator has-text-color has-white-color has-alpha-channel-opacity has-white-background-color has-background is-style-dots" id="block-1d486604-2709-4451-bf37-0b8c908c8ba1"/>



<p id="block-2b5c6583-af54-4fae-a237-ba18c4d8b317"><strong><em><mark>Yoga</mark></em></strong><br><strong>Jenny Tobler</strong><br>0151 &#8211; 75006438<br>info-gymnastik@tv-woringen.de<br><strong><em>Übungszeit:</em></strong><br>Mittwoch 19:30-20:30</p>



<hr class="wp-block-separator has-text-color has-white-color has-alpha-channel-opacity has-white-background-color has-background is-style-dots" id="block-a0727d6f-e314-4d5b-b02c-52a3b9167a45"/>



<p id="block-9bd7cbe2-e32f-4de8-aeea-ecc75fd16452"><strong><em><mark>Stepp / Pilates</mark></em></strong><br>Manuela Mücke<br>0163 &#8211; 8287199<br><strong><em>Übungszeit:</em></strong><br>Donnerstag 20:15-21:15</p>



<hr class="wp-block-separator has-text-color has-white-color has-alpha-channel-opacity has-white-background-color has-background is-style-dots" id="block-7ce2a2eb-74fd-47bb-924f-901a1f6cfb3e"/>



<p id="block-9bd7cbe2-e32f-4de8-aeea-ecc75fd16452"><strong><em><mark>Power &#8211; Kids (1.-4. Klasse)</mark></em></strong><br>Angie Schöllhorn &amp; Monique + Nina Enters<br>0176 &#8211; 41914109<br><strong><em>Übungszeit:</em></strong><br>Mittwoch 17:00-18:00</p>



<hr class="wp-block-separator has-text-color has-white-color has-alpha-channel-opacity has-white-background-color has-background is-style-dots" id="block-7ce2a2eb-74fd-47bb-924f-901a1f6cfb3e"/>



<p class="has-medium-font-size"><strong>Bei Interesse an unseren Angeboten, bitte immer vorab telefonisch bei den jeweils oben angegebenen Telefonnummern melden</strong>!!!</p>

<p>DamengymnastikSilvia Tobler0160 &#8211; 8344482Übungszeit:Dienstag 20:00-21:00 Uhr KinderturnenStephanie Prinz0176 – 32545504Übungszeiten:Kinderturnen (4-6 Jahre)Mittwoch 14:45-15:45 Neueinstieg für alle 4-6-Jährigen beim Kinderturnen ist immer am ersten Mittwoch nach den Faschings- oder den Sommerferien. !!! ACHTUNG !!!Beim Kinderturnen gibt es aktuell einen Aufnahmestopp. Es wird eine Warteliste geführt. Eltern-Kinderturnen (2-4 Jahre)Mittwoch 16:00-17:00 Jumping FitnessJenny Tobler0151 &#8211; 75006438info-gymnastik@tv-woringen.deÜbungszeiten:Mittwoch 18:00-18:45Mittwoch 18:45-19:30 YogaJenny Tobler0151 &#8211; 75006438info-gymnastik@tv-woringen.deÜbungszeit:Mittwoch 19:30-20:30 Stepp / PilatesManuela Mücke0163 &#8211; 8287199Übungszeit:Donnerstag 20:15-21:15 Power &#8211; Kids (1.-4. Klasse)Angie Schöllhorn &amp; Monique + Nina Enters0176 &#8211; 41914109Übungszeit:Mittwoch 17:00-18:00 Bei Interesse an&#8230;</p>
<p class="read-more"><a class="btn btn-default" href="https://www.tv-woringen.de/?page_id=2127">Weiterlesen<span class="screen-reader-text"> Weiterlesen</span></a></p>
