{"id":271,"date":"2024-04-23T18:53:42","date_gmt":"2024-04-23T18:53:42","guid":{"rendered":"http:\/\/www.tv-woringen.de\/?page_id=271"},"modified":"2026-01-09T22:08:44","modified_gmt":"2026-01-09T22:08:44","slug":"austrittserklaerung","status":"publish","type":"page","link":"https:\/\/www.tv-woringen.de\/?page_id=271","title":{"rendered":"Austrittserkl\u00e4rung"},"content":{"rendered":"\n<h2 class=\"wp-block-heading has-medium-font-size\">Schade, dass Sie uns verlassen wollen<\/h2>\n\n\n\n<hr class=\"wp-block-separator has-text-color has-white-color has-alpha-channel-opacity has-white-background-color has-background is-style-dots\"\/>\n\n\n\n<p class=\"has-text-align-left\"><strong>Bitte die Austrittserkl\u00e4rung ausf\u00fcllen und dann bei der Gesch\u00e4ftsstelle einreichen<\/strong>.<br>Herrn<br>Manfred Tobler<br>Telefon mobil: 0178 5113481<br>E-Mail: manfred.tobler@web.de<\/p>\n\n\n\n<hr class=\"wp-block-separator has-text-color has-white-color has-alpha-channel-opacity has-white-background-color has-background is-style-dots\"\/>\n\n\n\n<div class=\"wp-block-file\"><a id=\"wp-block-file--media-06c13927-5d49-49d4-b6ca-4c7faa7cbdcd\" href=\"https:\/\/www.tv-woringen.de\/wp-content\/uploads\/2026\/01\/Austrittserklaerung.docx\" target=\"_blank\" rel=\"noreferrer noopener\">Austrittserkl\u00e4rung<\/a><a href=\"https:\/\/www.tv-woringen.de\/wp-content\/uploads\/2026\/01\/Austrittserklaerung.docx\" class=\"wp-block-file__button wp-element-button\" download aria-describedby=\"wp-block-file--media-06c13927-5d49-49d4-b6ca-4c7faa7cbdcd\">Herunterladen<\/a><\/div>\n","protected":false},"excerpt":{"rendered":"<p>Schade, dass Sie uns verlassen wollen Bitte die Austrittserkl\u00e4rung ausf\u00fcllen und dann bei der Gesch\u00e4ftsstelle einreichen.HerrnManfred ToblerTelefon mobil: 0178 5113481E-Mail: manfred.tobler@web.de<\/p>\n","protected":false},"author":1,"featured_media":0,"parent":0,"menu_order":0,"comment_status":"closed","ping_status":"closed","template":"","meta":{"footnotes":""},"class_list":["post-271","page","type-page","status-publish","hentry"],"_links":{"self":[{"href":"https:\/\/www.tv-woringen.de\/index.php?rest_route=\/wp\/v2\/pages\/271","targetHints":{"allow":["GET"]}}],"collection":[{"href":"https:\/\/www.tv-woringen.de\/index.php?rest_route=\/wp\/v2\/pages"}],"about":[{"href":"https:\/\/www.tv-woringen.de\/index.php?rest_route=\/wp\/v2\/types\/page"}],"author":[{"embeddable":true,"href":"https:\/\/www.tv-woringen.de\/index.php?rest_route=\/wp\/v2\/users\/1"}],"replies":[{"embeddable":true,"href":"https:\/\/www.tv-woringen.de\/index.php?rest_route=%2Fwp%2Fv2%2Fcomments&post=271"}],"version-history":[{"count":15,"href":"https:\/\/www.tv-woringen.de\/index.php?rest_route=\/wp\/v2\/pages\/271\/revisions"}],"predecessor-version":[{"id":2768,"href":"https:\/\/www.tv-woringen.de\/index.php?rest_route=\/wp\/v2\/pages\/271\/revisions\/2768"}],"wp:attachment":[{"href":"https:\/\/www.tv-woringen.de\/index.php?rest_route=%2Fwp%2Fv2%2Fmedia&parent=271"}],"curies":[{"name":"wp","href":"https:\/\/api.w.org\/{rel}","templated":true}]}}