{"id":36,"date":"2024-04-04T06:31:50","date_gmt":"2024-04-04T06:31:50","guid":{"rendered":"http:\/\/www.tv-woringen.de\/?page_id=36"},"modified":"2025-01-01T22:17:17","modified_gmt":"2025-01-01T22:17:17","slug":"100-jahre-tv-woringen","status":"publish","type":"page","link":"https:\/\/www.tv-woringen.de\/?page_id=36","title":{"rendered":"Geschichte"},"content":{"rendered":"\n<p>Mit einem atemberaubendem Feuerwerk starteten wir in unser Jubil\u00e4umsjahr 2024!<br>Ebenso atemberaubend wurde es verabschiedet und das Jahr 2025 begr\u00fc\u00dft!<br>Abermals war unser Turnverein der Organisator. Zahlreiche Kr\u00e4fte waren wieder im Einsatz und so wurden die G\u00e4ste mit Bratwurstsemmel, Gl\u00fchwein, Bier&#8230; verk\u00f6stigt! DANKE AN ALLE FLEISSIGEN H\u00c4NDE!!!<br>Das NEUE JAHR wird nun keine Jubil\u00e4umsfestlichkeiten mehr bieten. Aber ganz sicher gibt es wieder zahlreiche H\u00f6hepunkte. Begleiten Sie uns auch heuer im Internet, auf dem Sportplatz, in der Turnhalle&#8230;<br>Hier nun ein paar Fotos vom Jahreswechsel:<\/p>\n\n\n\n<figure class=\"wp-block-gallery has-nested-images columns-2 has-background wp-block-gallery-1 is-layout-flex wp-block-gallery-is-layout-flex\" style=\"background:radial-gradient(rgb(6,147,227) 99%,rgb(155,81,224) 100%)\">\n<figure class=\"wp-block-image size-large\"><img loading=\"lazy\" decoding=\"async\" width=\"1024\" height=\"768\" data-id=\"1951\" src=\"https:\/\/www.tv-woringen.de\/wp-content\/uploads\/2025\/01\/IMG_1483-1024x768.jpg\" alt=\"\" class=\"wp-image-1951\" srcset=\"https:\/\/www.tv-woringen.de\/wp-content\/uploads\/2025\/01\/IMG_1483-1024x768.jpg 1024w, https:\/\/www.tv-woringen.de\/wp-content\/uploads\/2025\/01\/IMG_1483-300x225.jpg 300w, https:\/\/www.tv-woringen.de\/wp-content\/uploads\/2025\/01\/IMG_1483-768x576.jpg 768w, https:\/\/www.tv-woringen.de\/wp-content\/uploads\/2025\/01\/IMG_1483-1536x1152.jpg 1536w, https:\/\/www.tv-woringen.de\/wp-content\/uploads\/2025\/01\/IMG_1483-2048x1536.jpg 2048w, https:\/\/www.tv-woringen.de\/wp-content\/uploads\/2025\/01\/IMG_1483-360x270.jpg 360w\" sizes=\"auto, (max-width: 1024px) 100vw, 1024px\" \/><\/figure>\n\n\n\n<figure class=\"wp-block-image size-large\"><img loading=\"lazy\" decoding=\"async\" width=\"1024\" height=\"768\" data-id=\"1952\" src=\"https:\/\/www.tv-woringen.de\/wp-content\/uploads\/2025\/01\/IMG_1484-1024x768.jpg\" alt=\"\" class=\"wp-image-1952\" srcset=\"https:\/\/www.tv-woringen.de\/wp-content\/uploads\/2025\/01\/IMG_1484-1024x768.jpg 1024w, https:\/\/www.tv-woringen.de\/wp-content\/uploads\/2025\/01\/IMG_1484-300x225.jpg 300w, https:\/\/www.tv-woringen.de\/wp-content\/uploads\/2025\/01\/IMG_1484-768x576.jpg 768w, https:\/\/www.tv-woringen.de\/wp-content\/uploads\/2025\/01\/IMG_1484-1536x1152.jpg 1536w, https:\/\/www.tv-woringen.de\/wp-content\/uploads\/2025\/01\/IMG_1484-2048x1536.jpg 2048w, https:\/\/www.tv-woringen.de\/wp-content\/uploads\/2025\/01\/IMG_1484-360x270.jpg 360w\" sizes=\"auto, (max-width: 1024px) 100vw, 1024px\" \/><\/figure>\n\n\n\n<figure class=\"wp-block-image size-large\"><img loading=\"lazy\" decoding=\"async\" width=\"1024\" height=\"768\" data-id=\"1953\" src=\"https:\/\/www.tv-woringen.de\/wp-content\/uploads\/2025\/01\/IMG_1485-1024x768.jpg\" alt=\"\" class=\"wp-image-1953\" srcset=\"https:\/\/www.tv-woringen.de\/wp-content\/uploads\/2025\/01\/IMG_1485-1024x768.jpg 1024w, https:\/\/www.tv-woringen.de\/wp-content\/uploads\/2025\/01\/IMG_1485-300x225.jpg 300w, https:\/\/www.tv-woringen.de\/wp-content\/uploads\/2025\/01\/IMG_1485-768x576.jpg 768w, https:\/\/www.tv-woringen.de\/wp-content\/uploads\/2025\/01\/IMG_1485-1536x1152.jpg 1536w, https:\/\/www.tv-woringen.de\/wp-content\/uploads\/2025\/01\/IMG_1485-2048x1536.jpg 2048w, https:\/\/www.tv-woringen.de\/wp-content\/uploads\/2025\/01\/IMG_1485-360x270.jpg 360w\" sizes=\"auto, (max-width: 1024px) 100vw, 1024px\" \/><\/figure>\n\n\n\n<figure class=\"wp-block-image size-large\"><img loading=\"lazy\" decoding=\"async\" width=\"1024\" height=\"768\" data-id=\"1954\" src=\"https:\/\/www.tv-woringen.de\/wp-content\/uploads\/2025\/01\/IMG_1486-1024x768.jpg\" alt=\"\" class=\"wp-image-1954\" srcset=\"https:\/\/www.tv-woringen.de\/wp-content\/uploads\/2025\/01\/IMG_1486-1024x768.jpg 1024w, https:\/\/www.tv-woringen.de\/wp-content\/uploads\/2025\/01\/IMG_1486-300x225.jpg 300w, https:\/\/www.tv-woringen.de\/wp-content\/uploads\/2025\/01\/IMG_1486-768x576.jpg 768w, https:\/\/www.tv-woringen.de\/wp-content\/uploads\/2025\/01\/IMG_1486-1536x1152.jpg 1536w, https:\/\/www.tv-woringen.de\/wp-content\/uploads\/2025\/01\/IMG_1486-2048x1536.jpg 2048w, https:\/\/www.tv-woringen.de\/wp-content\/uploads\/2025\/01\/IMG_1486-360x270.jpg 360w\" sizes=\"auto, (max-width: 1024px) 100vw, 1024px\" \/><\/figure>\n\n\n\n<figure class=\"wp-block-image size-large\"><img loading=\"lazy\" decoding=\"async\" width=\"1024\" height=\"768\" data-id=\"1955\" src=\"https:\/\/www.tv-woringen.de\/wp-content\/uploads\/2025\/01\/IMG_1487-1024x768.jpg\" alt=\"\" class=\"wp-image-1955\" srcset=\"https:\/\/www.tv-woringen.de\/wp-content\/uploads\/2025\/01\/IMG_1487-1024x768.jpg 1024w, https:\/\/www.tv-woringen.de\/wp-content\/uploads\/2025\/01\/IMG_1487-300x225.jpg 300w, https:\/\/www.tv-woringen.de\/wp-content\/uploads\/2025\/01\/IMG_1487-768x576.jpg 768w, https:\/\/www.tv-woringen.de\/wp-content\/uploads\/2025\/01\/IMG_1487-1536x1152.jpg 1536w, https:\/\/www.tv-woringen.de\/wp-content\/uploads\/2025\/01\/IMG_1487-2048x1536.jpg 2048w, https:\/\/www.tv-woringen.de\/wp-content\/uploads\/2025\/01\/IMG_1487-360x270.jpg 360w\" sizes=\"auto, (max-width: 1024px) 100vw, 1024px\" \/><\/figure>\n\n\n\n<figure class=\"wp-block-image size-large\"><img loading=\"lazy\" decoding=\"async\" width=\"1024\" height=\"768\" data-id=\"1957\" src=\"https:\/\/www.tv-woringen.de\/wp-content\/uploads\/2025\/01\/IMG_1489-1024x768.jpg\" alt=\"\" class=\"wp-image-1957\" srcset=\"https:\/\/www.tv-woringen.de\/wp-content\/uploads\/2025\/01\/IMG_1489-1024x768.jpg 1024w, https:\/\/www.tv-woringen.de\/wp-content\/uploads\/2025\/01\/IMG_1489-300x225.jpg 300w, https:\/\/www.tv-woringen.de\/wp-content\/uploads\/2025\/01\/IMG_1489-768x576.jpg 768w, https:\/\/www.tv-woringen.de\/wp-content\/uploads\/2025\/01\/IMG_1489-1536x1152.jpg 1536w, https:\/\/www.tv-woringen.de\/wp-content\/uploads\/2025\/01\/IMG_1489-2048x1536.jpg 2048w, https:\/\/www.tv-woringen.de\/wp-content\/uploads\/2025\/01\/IMG_1489-360x270.jpg 360w\" sizes=\"auto, (max-width: 1024px) 100vw, 1024px\" \/><\/figure>\n\n\n\n<figure class=\"wp-block-image size-large\"><img loading=\"lazy\" decoding=\"async\" width=\"1024\" height=\"768\" data-id=\"1960\" src=\"https:\/\/www.tv-woringen.de\/wp-content\/uploads\/2025\/01\/IMG_1503-1024x768.jpg\" alt=\"\" class=\"wp-image-1960\" srcset=\"https:\/\/www.tv-woringen.de\/wp-content\/uploads\/2025\/01\/IMG_1503-1024x768.jpg 1024w, https:\/\/www.tv-woringen.de\/wp-content\/uploads\/2025\/01\/IMG_1503-300x225.jpg 300w, https:\/\/www.tv-woringen.de\/wp-content\/uploads\/2025\/01\/IMG_1503-768x576.jpg 768w, https:\/\/www.tv-woringen.de\/wp-content\/uploads\/2025\/01\/IMG_1503-1536x1152.jpg 1536w, https:\/\/www.tv-woringen.de\/wp-content\/uploads\/2025\/01\/IMG_1503-2048x1536.jpg 2048w, https:\/\/www.tv-woringen.de\/wp-content\/uploads\/2025\/01\/IMG_1503-360x270.jpg 360w\" sizes=\"auto, (max-width: 1024px) 100vw, 1024px\" \/><\/figure>\n\n\n\n<figure class=\"wp-block-image size-large\"><img loading=\"lazy\" decoding=\"async\" width=\"1024\" height=\"768\" data-id=\"1961\" src=\"https:\/\/www.tv-woringen.de\/wp-content\/uploads\/2025\/01\/IMG_1506-1024x768.jpg\" alt=\"\" class=\"wp-image-1961\" srcset=\"https:\/\/www.tv-woringen.de\/wp-content\/uploads\/2025\/01\/IMG_1506-1024x768.jpg 1024w, https:\/\/www.tv-woringen.de\/wp-content\/uploads\/2025\/01\/IMG_1506-300x225.jpg 300w, https:\/\/www.tv-woringen.de\/wp-content\/uploads\/2025\/01\/IMG_1506-768x576.jpg 768w, https:\/\/www.tv-woringen.de\/wp-content\/uploads\/2025\/01\/IMG_1506-1536x1152.jpg 1536w, https:\/\/www.tv-woringen.de\/wp-content\/uploads\/2025\/01\/IMG_1506-2048x1536.jpg 2048w, https:\/\/www.tv-woringen.de\/wp-content\/uploads\/2025\/01\/IMG_1506-360x270.jpg 360w\" sizes=\"auto, (max-width: 1024px) 100vw, 1024px\" \/><\/figure>\n\n\n\n<figure class=\"wp-block-image size-large is-style-default\"><img loading=\"lazy\" decoding=\"async\" width=\"1024\" height=\"768\" data-id=\"1962\" src=\"https:\/\/www.tv-woringen.de\/wp-content\/uploads\/2025\/01\/IMG_1507-1024x768.jpg\" alt=\"\" class=\"wp-image-1962\" srcset=\"https:\/\/www.tv-woringen.de\/wp-content\/uploads\/2025\/01\/IMG_1507-1024x768.jpg 1024w, https:\/\/www.tv-woringen.de\/wp-content\/uploads\/2025\/01\/IMG_1507-300x225.jpg 300w, https:\/\/www.tv-woringen.de\/wp-content\/uploads\/2025\/01\/IMG_1507-768x576.jpg 768w, https:\/\/www.tv-woringen.de\/wp-content\/uploads\/2025\/01\/IMG_1507-1536x1152.jpg 1536w, https:\/\/www.tv-woringen.de\/wp-content\/uploads\/2025\/01\/IMG_1507-2048x1536.jpg 2048w, https:\/\/www.tv-woringen.de\/wp-content\/uploads\/2025\/01\/IMG_1507-360x270.jpg 360w\" sizes=\"auto, (max-width: 1024px) 100vw, 1024px\" \/><\/figure>\n\n\n\n<figure class=\"wp-block-image size-large\"><img loading=\"lazy\" decoding=\"async\" width=\"1024\" height=\"768\" data-id=\"1966\" src=\"https:\/\/www.tv-woringen.de\/wp-content\/uploads\/2025\/01\/IMG_1543-1024x768.jpg\" alt=\"\" class=\"wp-image-1966\" srcset=\"https:\/\/www.tv-woringen.de\/wp-content\/uploads\/2025\/01\/IMG_1543-1024x768.jpg 1024w, https:\/\/www.tv-woringen.de\/wp-content\/uploads\/2025\/01\/IMG_1543-300x225.jpg 300w, https:\/\/www.tv-woringen.de\/wp-content\/uploads\/2025\/01\/IMG_1543-768x576.jpg 768w, https:\/\/www.tv-woringen.de\/wp-content\/uploads\/2025\/01\/IMG_1543-1536x1152.jpg 1536w, https:\/\/www.tv-woringen.de\/wp-content\/uploads\/2025\/01\/IMG_1543-2048x1536.jpg 2048w, https:\/\/www.tv-woringen.de\/wp-content\/uploads\/2025\/01\/IMG_1543-360x270.jpg 360w\" sizes=\"auto, (max-width: 1024px) 100vw, 1024px\" \/><\/figure>\n\n\n\n<figure class=\"wp-block-image size-large\"><img loading=\"lazy\" decoding=\"async\" width=\"768\" height=\"1024\" data-id=\"1965\" src=\"https:\/\/www.tv-woringen.de\/wp-content\/uploads\/2025\/01\/IMG_1527-768x1024.jpg\" alt=\"\" class=\"wp-image-1965\" srcset=\"https:\/\/www.tv-woringen.de\/wp-content\/uploads\/2025\/01\/IMG_1527-768x1024.jpg 768w, https:\/\/www.tv-woringen.de\/wp-content\/uploads\/2025\/01\/IMG_1527-225x300.jpg 225w, https:\/\/www.tv-woringen.de\/wp-content\/uploads\/2025\/01\/IMG_1527-1152x1536.jpg 1152w, https:\/\/www.tv-woringen.de\/wp-content\/uploads\/2025\/01\/IMG_1527-1536x2048.jpg 1536w, https:\/\/www.tv-woringen.de\/wp-content\/uploads\/2025\/01\/IMG_1527-203x270.jpg 203w, https:\/\/www.tv-woringen.de\/wp-content\/uploads\/2025\/01\/IMG_1527-scaled.jpg 1920w\" sizes=\"auto, (max-width: 768px) 100vw, 768px\" \/><\/figure>\n\n\n\n<figure class=\"wp-block-image size-large\"><img loading=\"lazy\" decoding=\"async\" width=\"1024\" height=\"768\" data-id=\"1968\" src=\"https:\/\/www.tv-woringen.de\/wp-content\/uploads\/2025\/01\/IMG_1545-1024x768.jpg\" alt=\"\" class=\"wp-image-1968\" srcset=\"https:\/\/www.tv-woringen.de\/wp-content\/uploads\/2025\/01\/IMG_1545-1024x768.jpg 1024w, https:\/\/www.tv-woringen.de\/wp-content\/uploads\/2025\/01\/IMG_1545-300x225.jpg 300w, https:\/\/www.tv-woringen.de\/wp-content\/uploads\/2025\/01\/IMG_1545-768x576.jpg 768w, https:\/\/www.tv-woringen.de\/wp-content\/uploads\/2025\/01\/IMG_1545-1536x1152.jpg 1536w, https:\/\/www.tv-woringen.de\/wp-content\/uploads\/2025\/01\/IMG_1545-2048x1536.jpg 2048w, https:\/\/www.tv-woringen.de\/wp-content\/uploads\/2025\/01\/IMG_1545-360x270.jpg 360w\" sizes=\"auto, (max-width: 1024px) 100vw, 1024px\" \/><\/figure>\n\n\n\n<figure class=\"wp-block-image size-large\"><img loading=\"lazy\" decoding=\"async\" width=\"1024\" height=\"768\" data-id=\"1969\" src=\"https:\/\/www.tv-woringen.de\/wp-content\/uploads\/2025\/01\/IMG_1547-1024x768.jpg\" alt=\"\" class=\"wp-image-1969\" srcset=\"https:\/\/www.tv-woringen.de\/wp-content\/uploads\/2025\/01\/IMG_1547-1024x768.jpg 1024w, https:\/\/www.tv-woringen.de\/wp-content\/uploads\/2025\/01\/IMG_1547-300x225.jpg 300w, https:\/\/www.tv-woringen.de\/wp-content\/uploads\/2025\/01\/IMG_1547-768x576.jpg 768w, https:\/\/www.tv-woringen.de\/wp-content\/uploads\/2025\/01\/IMG_1547-1536x1152.jpg 1536w, https:\/\/www.tv-woringen.de\/wp-content\/uploads\/2025\/01\/IMG_1547-2048x1536.jpg 2048w, https:\/\/www.tv-woringen.de\/wp-content\/uploads\/2025\/01\/IMG_1547-360x270.jpg 360w\" sizes=\"auto, (max-width: 1024px) 100vw, 1024px\" \/><\/figure>\n\n\n\n<figure class=\"wp-block-image size-large\"><img loading=\"lazy\" decoding=\"async\" width=\"1024\" height=\"768\" data-id=\"1970\" src=\"https:\/\/www.tv-woringen.de\/wp-content\/uploads\/2025\/01\/IMG_1548-1024x768.jpg\" alt=\"\" class=\"wp-image-1970\" srcset=\"https:\/\/www.tv-woringen.de\/wp-content\/uploads\/2025\/01\/IMG_1548-1024x768.jpg 1024w, https:\/\/www.tv-woringen.de\/wp-content\/uploads\/2025\/01\/IMG_1548-300x225.jpg 300w, https:\/\/www.tv-woringen.de\/wp-content\/uploads\/2025\/01\/IMG_1548-768x576.jpg 768w, https:\/\/www.tv-woringen.de\/wp-content\/uploads\/2025\/01\/IMG_1548-1536x1152.jpg 1536w, https:\/\/www.tv-woringen.de\/wp-content\/uploads\/2025\/01\/IMG_1548-2048x1536.jpg 2048w, https:\/\/www.tv-woringen.de\/wp-content\/uploads\/2025\/01\/IMG_1548-360x270.jpg 360w\" sizes=\"auto, (max-width: 1024px) 100vw, 1024px\" \/><\/figure>\n\n\n\n<figure class=\"wp-block-image size-large\"><img loading=\"lazy\" decoding=\"async\" width=\"1024\" height=\"768\" data-id=\"1971\" src=\"https:\/\/www.tv-woringen.de\/wp-content\/uploads\/2025\/01\/IMG_1551-1024x768.jpg\" alt=\"\" class=\"wp-image-1971\" srcset=\"https:\/\/www.tv-woringen.de\/wp-content\/uploads\/2025\/01\/IMG_1551-1024x768.jpg 1024w, https:\/\/www.tv-woringen.de\/wp-content\/uploads\/2025\/01\/IMG_1551-300x225.jpg 300w, https:\/\/www.tv-woringen.de\/wp-content\/uploads\/2025\/01\/IMG_1551-768x576.jpg 768w, https:\/\/www.tv-woringen.de\/wp-content\/uploads\/2025\/01\/IMG_1551-1536x1152.jpg 1536w, https:\/\/www.tv-woringen.de\/wp-content\/uploads\/2025\/01\/IMG_1551-2048x1536.jpg 2048w, https:\/\/www.tv-woringen.de\/wp-content\/uploads\/2025\/01\/IMG_1551-360x270.jpg 360w\" sizes=\"auto, (max-width: 1024px) 100vw, 1024px\" \/><\/figure>\n\n\n\n<figure class=\"wp-block-image size-large\"><img loading=\"lazy\" decoding=\"async\" width=\"1024\" height=\"768\" data-id=\"1972\" src=\"https:\/\/www.tv-woringen.de\/wp-content\/uploads\/2025\/01\/IMG_1553-1024x768.jpg\" alt=\"\" class=\"wp-image-1972\" srcset=\"https:\/\/www.tv-woringen.de\/wp-content\/uploads\/2025\/01\/IMG_1553-1024x768.jpg 1024w, https:\/\/www.tv-woringen.de\/wp-content\/uploads\/2025\/01\/IMG_1553-300x225.jpg 300w, https:\/\/www.tv-woringen.de\/wp-content\/uploads\/2025\/01\/IMG_1553-768x576.jpg 768w, https:\/\/www.tv-woringen.de\/wp-content\/uploads\/2025\/01\/IMG_1553-1536x1152.jpg 1536w, https:\/\/www.tv-woringen.de\/wp-content\/uploads\/2025\/01\/IMG_1553-2048x1536.jpg 2048w, https:\/\/www.tv-woringen.de\/wp-content\/uploads\/2025\/01\/IMG_1553-360x270.jpg 360w\" sizes=\"auto, (max-width: 1024px) 100vw, 1024px\" \/><\/figure>\n<\/figure>\n","protected":false},"excerpt":{"rendered":"<p>Mit einem atemberaubendem Feuerwerk starteten wir in unser Jubil\u00e4umsjahr 2024!Ebenso atemberaubend wurde es verabschiedet und das Jahr 2025 begr\u00fc\u00dft!Abermals war unser Turnverein der Organisator. Zahlreiche Kr\u00e4fte waren wieder im Einsatz und so wurden die G\u00e4ste mit Bratwurstsemmel, Gl\u00fchwein, Bier&#8230; verk\u00f6stigt! DANKE AN ALLE FLEISSIGEN H\u00c4NDE!!!Das NEUE JAHR wird nun keine Jubil\u00e4umsfestlichkeiten mehr bieten. Aber ganz sicher gibt es wieder zahlreiche H\u00f6hepunkte. Begleiten Sie uns auch heuer im Internet, auf dem Sportplatz, in der Turnhalle&#8230;Hier nun ein paar Fotos vom Jahreswechsel:<\/p>\n","protected":false},"author":1,"featured_media":113,"parent":0,"menu_order":0,"comment_status":"closed","ping_status":"closed","template":"","meta":{"footnotes":""},"class_list":["post-36","page","type-page","status-publish","has-post-thumbnail","hentry"],"_links":{"self":[{"href":"https:\/\/www.tv-woringen.de\/index.php?rest_route=\/wp\/v2\/pages\/36","targetHints":{"allow":["GET"]}}],"collection":[{"href":"https:\/\/www.tv-woringen.de\/index.php?rest_route=\/wp\/v2\/pages"}],"about":[{"href":"https:\/\/www.tv-woringen.de\/index.php?rest_route=\/wp\/v2\/types\/page"}],"author":[{"embeddable":true,"href":"https:\/\/www.tv-woringen.de\/index.php?rest_route=\/wp\/v2\/users\/1"}],"replies":[{"embeddable":true,"href":"https:\/\/www.tv-woringen.de\/index.php?rest_route=%2Fwp%2Fv2%2Fcomments&post=36"}],"version-history":[{"count":9,"href":"https:\/\/www.tv-woringen.de\/index.php?rest_route=\/wp\/v2\/pages\/36\/revisions"}],"predecessor-version":[{"id":1979,"href":"https:\/\/www.tv-woringen.de\/index.php?rest_route=\/wp\/v2\/pages\/36\/revisions\/1979"}],"wp:featuredmedia":[{"embeddable":true,"href":"https:\/\/www.tv-woringen.de\/index.php?rest_route=\/wp\/v2\/media\/113"}],"wp:attachment":[{"href":"https:\/\/www.tv-woringen.de\/index.php?rest_route=%2Fwp%2Fv2%2Fmedia&parent=36"}],"curies":[{"name":"wp","href":"https:\/\/api.w.org\/{rel}","templated":true}]}}