{"id":709,"date":"2024-05-14T21:56:40","date_gmt":"2024-05-14T21:56:40","guid":{"rendered":"http:\/\/www.tv-woringen.de\/?page_id=709"},"modified":"2025-04-16T21:24:44","modified_gmt":"2025-04-16T21:24:44","slug":"abteilungsleiter","status":"publish","type":"page","link":"https:\/\/www.tv-woringen.de\/?page_id=709","title":{"rendered":"Abteilungsleiter"},"content":{"rendered":"\n<figure class=\"wp-block-table has-small-font-size\"><table><thead><tr><th>Abteilung<\/th><th> Name<\/th><th>Vorname<\/th><th>E-Mail<\/th><th>Telefon<\/th><\/tr><\/thead><tbody><tr><td>Fu\u00dfball<\/td><td>Biechteler<\/td><td>Marcel<\/td><td><\/td><td>0160-98622086<\/td><\/tr><tr><td>Gymnastik<\/td><td>Tobler<\/td><td>Jenny<\/td><td>info-gymnastik@tv-woringen.de<\/td><td>0151-75006438<\/td><\/tr><tr><td>Ski<\/td><td>Biechteler<\/td><td>Susanne<\/td><td>info@gaestehaus-susanne.de<\/td><td>0160-1553370<\/td><\/tr><tr><td>Tennis<\/td><td>Wei\u00dfenhorn<\/td><td>Richard<\/td><td>richardwei66@yahoo.de<\/td><td>0151-10605425<\/td><\/tr><tr><td>Tischtennis<\/td><td>Karrer<\/td><td>J\u00fcrgen<\/td><td>juergen.karrer@web.de<\/td><td>0151-14713406<\/td><\/tr><tr><td>TVW-Fahne<\/td><td>Sekulla<\/td><td>J\u00f6rg<\/td><td>admin@tv-woringen.de<\/td><td>0176-21922367<\/td><\/tr><\/tbody><\/table><\/figure>\n","protected":false},"excerpt":{"rendered":"<p>Abteilung Name Vorname E-Mail Telefon Fu\u00dfball Biechteler Marcel 0160-98622086 Gymnastik Tobler Jenny info-gymnastik@tv-woringen.de 0151-75006438 Ski Biechteler Susanne info@gaestehaus-susanne.de 0160-1553370 Tennis Wei\u00dfenhorn Richard richardwei66@yahoo.de 0151-10605425 Tischtennis Karrer J\u00fcrgen juergen.karrer@web.de 0151-14713406 TVW-Fahne Sekulla J\u00f6rg admin@tv-woringen.de 0176-21922367<\/p>\n","protected":false},"author":1,"featured_media":0,"parent":0,"menu_order":0,"comment_status":"closed","ping_status":"closed","template":"","meta":{"footnotes":""},"class_list":["post-709","page","type-page","status-publish","hentry"],"_links":{"self":[{"href":"https:\/\/www.tv-woringen.de\/index.php?rest_route=\/wp\/v2\/pages\/709","targetHints":{"allow":["GET"]}}],"collection":[{"href":"https:\/\/www.tv-woringen.de\/index.php?rest_route=\/wp\/v2\/pages"}],"about":[{"href":"https:\/\/www.tv-woringen.de\/index.php?rest_route=\/wp\/v2\/types\/page"}],"author":[{"embeddable":true,"href":"https:\/\/www.tv-woringen.de\/index.php?rest_route=\/wp\/v2\/users\/1"}],"replies":[{"embeddable":true,"href":"https:\/\/www.tv-woringen.de\/index.php?rest_route=%2Fwp%2Fv2%2Fcomments&post=709"}],"version-history":[{"count":10,"href":"https:\/\/www.tv-woringen.de\/index.php?rest_route=\/wp\/v2\/pages\/709\/revisions"}],"predecessor-version":[{"id":2014,"href":"https:\/\/www.tv-woringen.de\/index.php?rest_route=\/wp\/v2\/pages\/709\/revisions\/2014"}],"wp:attachment":[{"href":"https:\/\/www.tv-woringen.de\/index.php?rest_route=%2Fwp%2Fv2%2Fmedia&parent=709"}],"curies":[{"name":"wp","href":"https:\/\/api.w.org\/{rel}","templated":true}]}}

<figure class="wp-block-table has-small-font-size"><table><thead><tr><th>Abteilung</th><th> Name</th><th>Vorname</th><th>E-Mail</th><th>Telefon</th></tr></thead><tbody><tr><td>Fußball</td><td>Biechteler</td><td>Marcel</td><td></td><td>0160-98622086</td></tr><tr><td>Gymnastik</td><td>Tobler</td><td>Jenny</td><td>info-gymnastik@tv-woringen.de</td><td>0151-75006438</td></tr><tr><td>Ski</td><td>Biechteler</td><td>Susanne</td><td>info@gaestehaus-susanne.de</td><td>0160-1553370</td></tr><tr><td>Tennis</td><td>Weißenhorn</td><td>Richard</td><td>richardwei66@yahoo.de</td><td>0151-10605425</td></tr><tr><td>Tischtennis</td><td>Karrer</td><td>Jürgen</td><td>juergen.karrer@web.de</td><td>0151-14713406</td></tr><tr><td>TVW-Fahne</td><td>Sekulla</td><td>Jörg</td><td>admin@tv-woringen.de</td><td>0176-21922367</td></tr></tbody></table></figure>

<p>Abteilung Name Vorname E-Mail Telefon Fußball Biechteler Marcel 0160-98622086 Gymnastik Tobler Jenny info-gymnastik@tv-woringen.de 0151-75006438 Ski Biechteler Susanne info@gaestehaus-susanne.de 0160-1553370 Tennis Weißenhorn Richard richardwei66@yahoo.de 0151-10605425 Tischtennis Karrer Jürgen juergen.karrer@web.de 0151-14713406 TVW-Fahne Sekulla Jörg admin@tv-woringen.de 0176-21922367</p>
